{"id":1147,"date":"2018-10-08T07:21:58","date_gmt":"2018-10-08T07:21:58","guid":{"rendered":"http:\/\/martina-eberl-coaching.com\/?page_id=1147"},"modified":"2022-03-06T16:45:58","modified_gmt":"2022-03-06T16:45:58","slug":"agb","status":"publish","type":"page","link":"http:\/\/martina-eberl-coaching.com\/?page_id=1147","title":{"rendered":"AGB"},"content":{"rendered":"<div id='av_section_1' class='avia-section main_color avia-section-default avia-no-border-styling avia-bg-style-scroll  avia-builder-el-0  avia-builder-el-no-sibling    container_wrap fullsize' style='background-color: #808189;  '  ><div class='container' ><main  role=\"main\" itemprop=\"mainContentOfPage\"  class='template-page content  av-content-full alpha units'><div class='post-entry post-entry-type-page post-entry-1147'><div class='entry-content-wrapper clearfix'>\n<div class=\"flex_column av_one_full  flex_column_div first  avia-builder-el-1  avia-builder-el-no-sibling  \" ><section class=\"av_textblock_section \"  itemscope=\"itemscope\" itemtype=\"https:\/\/schema.org\/CreativeWork\" ><div class='avia_textblock  av_inherit_color '  style='font-size:20px; '  itemprop=\"text\" ><p class=\"p1\"><a href=\"http:\/\/martina-eberl-coaching.com\">&lt; zur\u00fcck zur Seite<\/a><\/p>\n<\/div><\/section><br \/>\n<div style='padding-bottom:40px; ' class='av-special-heading av-special-heading-h2  blockquote modern-quote  avia-builder-el-3  el_after_av_textblock  el_before_av_textblock   '><h2 class='av-special-heading-tag '  itemprop=\"headline\"  >AGB<\/h2><div class='special-heading-border'><div class='special-heading-inner-border' ><\/div><\/div><\/div><br \/>\n<section class=\"av_textblock_section \"  itemscope=\"itemscope\" itemtype=\"https:\/\/schema.org\/CreativeWork\" ><div class='avia_textblock  av_inherit_color '  style='font-size:20px; '  itemprop=\"text\" ><p><strong>Teilnahmebedingungen Golf-, Fitness- und Ern\u00e4hrungscoaching<\/strong><\/p>\n<p><strong>1. Allgemeine Bestimmungen \u00a7 1 Leistungsumfang<\/strong><\/p>\n<p>Der Umfang des Kursangebots des Coachings richtet sich nach der jeweiligen Einzelbeschreibung.<\/p>\n<p><strong>2. Zustandekommen des Vertrages<\/strong><\/p>\n<p>2.1 \u00a0Die Buchung des jeweiligen Coachings erfolgt durch Eintragung in das ausgewiesene Onlinebuchungssystem beziehungsweise durch Reservierung von freien Unterrichtszeiten auf fernm\u00fcndlichem oder elektronischem Wege.<\/p>\n<p>2.2 \u00a0Die Anmeldung zu einem Kurs des \u201eMartina Eberl Coachings\u201c erfolgt durch Ausf\u00fcllen eines Online-Formulars. Hierbei handelt es sich um ein auf einen Vertragsschluss gerichtetes Angebot des Teilnehmers.<\/p>\n<p>2.3 \u00a0Bei der Anmeldung zu einem Coaching hat der Teilnehmer seinen Vor- und Zunamen sowie seine Postanschrift und den Kurs, den er buchen m\u00f6chte, anzugeben. Bei einer Online-Anmeldung hat der Teilnehmer dar\u00fcber hinaus eine E- Mail-Adresse anzugeben, unter der er erreichbar ist.<\/p>\n<p><strong>3. Zahlung<\/strong><\/p>\n<p>3.1 Zahlungen f\u00fcr die jeweiligen Leistungen haben im Voraus durch \u00dcberweisung zu erfolgen oder Barzahlung vor Ort.<\/p>\n<p><strong>4. Range Fee, Green Fee<\/strong><\/p>\n<p>Eventuelle Range Fees und\/oder Green Fees sind, sofern sie nicht in dem Entgelt f\u00fcr das jeweilige Einzelangebot enthalten sind, jeweils vor Ort und vor Kursbeginn zu entrichten.<\/p>\n<p><strong>5. Durchf\u00fchrung der Golfkurse, Nichterscheinen des Teilnehmers, Abbruch aus witterungsbedingten Gr\u00fcnden oder sonstiger h\u00f6herer Gewalt, Absage durch den Teilnehmer<\/strong><\/p>\n<p>5.1 \u00a0Golfunterricht, Golfkurse und jegliche Coachings, beginnen jeweils p\u00fcnktlich zu der in der jeweiligen Einzelbeschreibung ausgeschriebenen Zeit.<\/p>\n<p>5.2 \u00a0Golfunterricht finded grunds\u00e4tzlich bei jeder Witterung statt, ausser bei Gewitter. Sollte der Unterricht abgesagt werden m\u00fcssen, wird der Sch\u00fcler per Anruf oder SMS, sofern die Telefonnummer im Onlinebuchungssystem hinterlegt ist, benachrichtigt.<\/p>\n<p>5.3 \u00a0Erscheint der Teilnehmer zum vereinbarten Termin nicht, so erfolgt keine R\u00fcckerstattung des (anteiligen) Kursentgelts, sofern der Teilnehmer nicht binnen einer Woche nachweist, dass er aus einem von ihm nicht zu vertretenden Grund an der Teilnahme verhindert war. In einem solchen Fall erfolgt nach Wahl des Teilnehmers eine (anteilige) R\u00fcckerstattung des Entgelts oder eine Nachholung; dieses Wahlrecht hat der Teilnehmer binnen einer Frist von einer Woche auszu\u00fcben. \u00dcbt der Teilnehmer dieses Wahlrecht nicht innerhalb der genannten Frist aus, erfolgt eine (anteilige) Entgeltr\u00fcckerstattung. Im Falle einer Erkrankung des Teilnehmers hat dieser Nachweis in Form einer \u00e4rztlichen Bescheinigung, aus der hervorgeht, dass der Teilnehmer aus gesundheitlichen Gr\u00fcnden an einer Teilnahme gehindert war, zu erfolgen.<\/p>\n<p>5.4 \u00a0Der Coach ist in Aus\u00fcbung pflichtgem\u00e4\u00dfen Ermessens berechtigt, das Coaching oder den Golfkurs abzubrechen, wenn aus witterungsbedingten Gr\u00fcnden, insbesondere aufgrund Gewittergefahr, n\u00e4ssebedingten Unbespielbarkeit der \u00dcbungseinrichtungen, Nebel, Frost oder sonstigen Gr\u00fcnden h\u00f6herer Gewalt das Ziel des Kurses nicht erreicht werden kann oder eine Gef\u00e4hrdung der Unterrichtsteilnehmer zu bef\u00fcrchten ist.<\/p>\n<p>5.5 \u00a0Bei einer vorherigen Absage der Teilnahme durch den Teilnehmer ist dieser vorbehaltlich der Regelung in Ziffer 5.3 wie folgt zur (anteiligen) Zahlung des Kursentgelts verpflichtet:<\/p>\n<p>bei einer Absage 24 Stunden vor dem vereinbarten Kursbeginn 0 %<\/p>\n<p>bei einer Absage innerhalb der letzten 24 Stunden vor dem vereinbarten Kursbeginn 100 % des vereinbarten Entgelts.<\/p>\n<p>des vereinbarten (anteiligen) Entgelts. Dem Teilnehmer bleibt der Nachweis vorbehalten, dass der Golfschule durch seine vorherige Absage kein oder ein geringerer Schaden als die nach dem Vorstehenden geschuldete Stornierungspauschale entstanden ist.<\/p>\n<p><strong>6. Allgemeine Pflichten des Teilnehmers<\/strong><\/p>\n<p>Der Teilnehmer ist w\u00e4hrend der Kurse verpflichtet, den Anweisungen des Coaches stets Folge zu leisten sowie die allgemeinen Regeln ud Ettikette sowie die Platzordnung der Golfanlage, auf der der Kurs stattfindet, zu beachten.<\/p>\n<p><strong>7. Mindestteilnehmerzahl<\/strong><\/p>\n<p>7.1 \u00a0Der Coach ist nur verpflichtet, die von ihr angebotenen Gruppenkurse durchzuf\u00fchren, wenn bis zum Anmeldeschluss die von ihr in der Einzelbeschreibung erreichte Mindestteilnehmerzahl erreicht ist.<\/p>\n<p>7.2 \u00a0Wenn der Coach wegen Nichterreichens der Mindestteilnehmerzahl einen Gruppenkurs absagt, erfolgt die vollst\u00e4ndige Erstattung gegebenenfalls vom Teilnehmer bereits geleisteter Zahlungen.<\/p>\n<p><strong>\u00a0<\/strong><\/p>\n<p><strong>\u00a08.<\/strong><strong>\u00a0H\u00f6chstteilnehmerzahl <\/strong><\/p>\n<p>8.1 \u00a0Sofern die in der Einzelbeschreibung genannte H\u00f6chstteilnehmerzahl bereits erreicht ist, wird eine Warteliste gef\u00fchrt. In dieser werden weitere Anmeldungen in der Reihenfolge ihres Eingangs bei der Golfschule aufgenommen, sofern der jeweilige Teilnehmer seine Ber\u00fccksichtigung in der Warteliste w\u00fcnscht.<\/p>\n<p>8.2 \u00a0Bei Absage eines Teilnehmers werden in der Reihenfolge der Warteliste die dort befindlichen Teilnehmer gefragt, ob sie noch an einer Teilnahme interessiert sind. Ein auf der Warteliste befindlicher Teilnehmer hat binnen 24 Stunden der Golfschule mitzuteilen, ob er noch an dem Angebot teilnehmen m\u00f6chte. Lehnt er ab oder verstreicht diese Frist fruchtlos, wird der in der Warteliste an der n\u00e4chsten Stelle gef\u00fchrte Teilnehmer gefragt.<\/p>\n<p><strong>9. Besondere Bestimmungen f\u00fcr Einzelunterricht \u00a7 10 Beauftragung und Vertragsschluss <\/strong><\/p>\n<p>Einzelunterricht erfolgt ausschlie\u00dflich in der direkten vertraglichen Abwicklung zwischen dem jeweiligen Coach und dem Sch\u00fcler.<\/p>\n<p><strong>10. Gutscheine, Mehrfachkarten und Aktionsangebote <\/strong><\/p>\n<p>10.1 \u00a0Vom Coach ausgegebene Gutscheine f\u00fcr Einzel- oder Gruppenkurse haben eine G\u00fcltigkeit bis zum Ablauf des dritten Kalenderjahres nach ihrem Erwerb. Das Gleiche gilt grunds\u00e4tzlich f\u00fcr Mehrfachkarten, z.B. Zehnerkarten.<\/p>\n<p><strong>\u00a0<\/strong><\/p>\n<p><strong>\u00a011.\u00a0<\/strong><strong>Schlussbestimmungen \u00a7 13 Haftungsausschluss <\/strong><\/p>\n<p>Der Coach schlie\u00dft dem Teilnehmer gegen\u00fcber mit Ausnahme von Sch\u00e4den aus der Verletzung des Lebens, des K\u00f6rpers oder Gesundheit die Haftung f\u00fcr jeden Schaden aus, der nicht auf einer vors\u00e4tzlichen oder grob fahrl\u00e4ssigen Vertragsverletzung des Coaches oder auf einer vors\u00e4tzlichen oder grob fahrl\u00e4ssigen Vertragsverletzung eines gesetzlichen Vertreters oder Erf\u00fcllungsgehilfen des Coaches beruht.<\/p>\n<p><strong>12. Datennutzung<\/strong><\/p>\n<p>Der Teilnehmer stimmt der Erhebung, Speicherung und Verarbeitung seiner personenbezogenen Daten (Name, Anschrift, Telekommunikationsdaten) f\u00fcr die Zwecke der Anbahnung, Durchf\u00fchrung und Abwicklung von Vertr\u00e4gen mit Martina Eberl zu.<\/p>\n<p><strong>13. Gerichtsstand, Anwendbares Recht<\/strong><\/p>\n<p>Als Gerichtsstand f\u00fcr Anspr\u00fcche aus dem und in Zusammenhang mit Vertr\u00e4gen zwischen dem Teilnehmer und des Coaches wird, soweit gesetzlich zul\u00e4ssig vereinbart. Auf Vertr\u00e4ge zwischen dem Teilnehmer und des Coaches findet ausschlie\u00dflich deutsches Recht Anwendung.<\/p>\n<p><strong>14. Salvatorische Klausel und \u00c4nderungsvorbehalt<\/strong><\/p>\n<p>14.1 Sollten eine oder mehrere der vorstehenden Bestimmungen unwirksam sein oder werden, so l\u00e4sst dies die Wirksamkeit der \u00fcbrigen Bestimmungen unber\u00fchrt.<\/p>\n<p>14.2. Der Coach beh\u00e4lt sich das Recht zur jederzeitigen \u00c4nderung der vorliegenden Allgemeinen Gesch\u00e4ftsbedingungen vor. Diese finden in ihrer jeweils aktuellen Fassung Anwendung.<\/p>\n<p><strong>15. Keine Haftung f\u00fcr Parkpl\u00e4tze<\/strong><\/p>\n<p>S\u00e4mtliche Parkpl\u00e4tze auf dem Gel\u00e4nde der Hausnummern Hohenrechbergstrasse 6d, 8 und 10, die ab dem abgesenkten Bordstein beginnen, sind nicht \u00f6ffentlich. Somit wird keine Haftung \u00fcbernommen bei Besch\u00e4digung der geparkten oder fahrenden Fahrzeuge. Das Gel\u00e4nde ist Betriebsgel\u00e4nde der Fa. Pfeil und S\u00f6hne Service. Es muss damit gerechnet werden, dass reger industrieller Verkehr darauf passiert.<\/p>\n<\/div><\/section><\/p><\/div>\n","protected":false},"excerpt":{"rendered":"","protected":false},"author":1,"featured_media":0,"parent":0,"menu_order":0,"comment_status":"closed","ping_status":"closed","template":"","meta":[],"_links":{"self":[{"href":"http:\/\/martina-eberl-coaching.com\/index.php?rest_route=\/wp\/v2\/pages\/1147"}],"collection":[{"href":"http:\/\/martina-eberl-coaching.com\/index.php?rest_route=\/wp\/v2\/pages"}],"about":[{"href":"http:\/\/martina-eberl-coaching.com\/index.php?rest_route=\/wp\/v2\/types\/page"}],"author":[{"embeddable":true,"href":"http:\/\/martina-eberl-coaching.com\/index.php?rest_route=\/wp\/v2\/users\/1"}],"replies":[{"embeddable":true,"href":"http:\/\/martina-eberl-coaching.com\/index.php?rest_route=%2Fwp%2Fv2%2Fcomments&post=1147"}],"version-history":[{"count":9,"href":"http:\/\/martina-eberl-coaching.com\/index.php?rest_route=\/wp\/v2\/pages\/1147\/revisions"}],"predecessor-version":[{"id":2365,"href":"http:\/\/martina-eberl-coaching.com\/index.php?rest_route=\/wp\/v2\/pages\/1147\/revisions\/2365"}],"wp:attachment":[{"href":"http:\/\/martina-eberl-coaching.com\/index.php?rest_route=%2Fwp%2Fv2%2Fmedia&parent=1147"}],"curies":[{"name":"wp","href":"https:\/\/api.w.org\/{rel}","templated":true}]}}